{"id":2,"date":"2024-05-06T15:52:40","date_gmt":"2024-05-06T13:52:40","guid":{"rendered":"https:\/\/wakacje-we-francji.pl\/?page_id=2"},"modified":"2025-02-05T14:00:33","modified_gmt":"2025-02-05T13:00:33","slug":"o-nas","status":"publish","type":"page","link":"https:\/\/wakacje-we-francji.pl\/en\/o-nas\/","title":{"rendered":"About us"},"content":{"rendered":"<p>Welcome,<\/p>\n\n\n\n<blockquote class=\"wp-block-quote is-layout-flow wp-block-quote-is-layout-flow\">\n<p>PRIVATE Agnieszka and Janusz are married.<\/p>\n\n\n\n<p><\/p>\n<\/blockquote>\n\n\n\n<p>Cze\u015b\u0107! Jestem Agnieszka, <\/p>\n\n\n\n<p>Running a travel agency is not only a job for me, but also a dream come true. I specialize in extraordinary trips to picturesque France, where I provide unforgettable experiences for all travel lovers.<\/p>\n\n\n\n<p>When I'm not organizing expeditions, you can find me on the slopes in the Alps or the Giant Mountains, where I go skiing. I also love contact with nature so I often go on trips to the mountains or to the forest where I admire nature and observe animals. By the way, my home is bustling with life - I have a dog and a cat, which make every day full of joy.<\/p>\n\n\n\n<p>In addition, I love working in the garden, where I passionately care for plants and flowers. I also do not shy away from challenges in the kitchen - cooking is my passion! I can prepare a delicious meal for up to 50 people. It's a real art, which gives me great pleasure.<\/p>\n\n\n\n<p>Potrafi\u0119 te\u017c szy\u0107 np. sukienk\u0119 lub tapicerk\u0119 do starych foteli, kt\u00f3rym wcze\u015bniej przywracam dawny blask i nowe \u017cycie.  Maluje \u015bciany i pod\u0142ogi w domu, nieraz cz\u0119sto szukaj\u0105c tego czego\u015b. Za k\u00f3\u0142kiem czuje si\u0119 \u015bwietnie i to zas\u0142uga mojego zmotoryzowanego Taty . Kiedy\u015b marzy\u0142am o udziale w rajdzie Pary\u017c-Dakar jako kierowca , jednak z pilotowaniem ju\u017c nie mia\u0142abym tyle zwi\u0105zanej frajdy ( Janusz mi to nie raz przypomina \ud83d\ude42<\/p>\n\n\n\n<p>Campering in an adopted Vito is my latest discovery. Sleeping in the mountains when it's minus 10 degrees outside inspires respect even from the mountaineers (it's quietly plus 25 degrees inside).<\/p>\n\n\n\n<p>Traveling is not only my job, but also a way of life. Kenya delighted me with its wilderness, and in the Caribbean I could live because there the beauty of nature mixes with the culture and color of local traditions and it is warm all year round.<\/p>\n\n\n\n<p>I also have two wonderful sons whom I adore beyond life. Their smiles and joy make every day full of energy and positive emotions. And as for my husband... well, with him I have numerous disputes, but they always end with a happy ending. After all, love is not only agreement, but also the art of compromise!<\/p>\n\n\n\n<p>I invite you to discover France and the world ! Embark on an unforgettable journey and I guarantee you will want to come back time and time again !<\/p>\n\n\n\n<blockquote class=\"wp-block-quote is-layout-flow wp-block-quote-is-layout-flow\">\n<p>Agnieszka<\/p>\n<\/blockquote>","protected":false},"excerpt":{"rendered":"<p>Witajcie, PRYWATNIE Agnieszka i Janusz s\u0105 ma\u0142\u017ce\u0144stwem. Cze\u015b\u0107! Jestem Agnieszka, prowadzenie biura podr\u00f3\u017cy to dla mnie nie tylko praca ale i spe\u0142nienie marze\u0144. Specjalizuje si\u0119 w niezwyk\u0142ych wyjazdach do malowniczej Francji, gdzie zapewniam niezapomniane doznania dla wszystkich mi\u0142o\u015bnik\u00f3w podr\u00f3\u017cy. Kiedy nie zajmuj\u0119 si\u0119 organizacj\u0105 wypraw, mo\u017cna mnie znale\u017a\u0107 na stoku w Alpach lub Karkonoszach, gdzie [&hellip;]<\/p>","protected":false},"author":1,"featured_media":0,"parent":0,"menu_order":0,"comment_status":"closed","ping_status":"closed","template":"","meta":{"_uag_custom_page_level_css":"","footnotes":""},"class_list":["post-2","page","type-page","status-publish","hentry"],"uagb_featured_image_src":{"full":false,"thumbnail":false,"medium":false,"medium_large":false,"large":false,"1536x1536":false,"2048x2048":false,"trp-custom-language-flag":false},"uagb_author_info":{"display_name":"gekon","author_link":"https:\/\/wakacje-we-francji.pl\/en\/author\/gekon\/"},"uagb_comment_info":0,"uagb_excerpt":"Witajcie, PRYWATNIE Agnieszka i Janusz s\u0105 ma\u0142\u017ce\u0144stwem. Cze\u015b\u0107! Jestem Agnieszka, prowadzenie biura podr\u00f3\u017cy to dla mnie nie tylko praca ale i spe\u0142nienie marze\u0144. Specjalizuje si\u0119 w niezwyk\u0142ych wyjazdach do malowniczej Francji, gdzie zapewniam niezapomniane doznania dla wszystkich mi\u0142o\u015bnik\u00f3w podr\u00f3\u017cy. Kiedy nie zajmuj\u0119 si\u0119 organizacj\u0105 wypraw, mo\u017cna mnie znale\u017a\u0107 na stoku w Alpach lub Karkonoszach, gdzie&hellip;","_links":{"self":[{"href":"https:\/\/wakacje-we-francji.pl\/en\/wp-json\/wp\/v2\/pages\/2","targetHints":{"allow":["GET"]}}],"collection":[{"href":"https:\/\/wakacje-we-francji.pl\/en\/wp-json\/wp\/v2\/pages"}],"about":[{"href":"https:\/\/wakacje-we-francji.pl\/en\/wp-json\/wp\/v2\/types\/page"}],"author":[{"embeddable":true,"href":"https:\/\/wakacje-we-francji.pl\/en\/wp-json\/wp\/v2\/users\/1"}],"replies":[{"embeddable":true,"href":"https:\/\/wakacje-we-francji.pl\/en\/wp-json\/wp\/v2\/comments?post=2"}],"version-history":[{"count":15,"href":"https:\/\/wakacje-we-francji.pl\/en\/wp-json\/wp\/v2\/pages\/2\/revisions"}],"predecessor-version":[{"id":1462,"href":"https:\/\/wakacje-we-francji.pl\/en\/wp-json\/wp\/v2\/pages\/2\/revisions\/1462"}],"wp:attachment":[{"href":"https:\/\/wakacje-we-francji.pl\/en\/wp-json\/wp\/v2\/media?parent=2"}],"curies":[{"name":"wp","href":"https:\/\/api.w.org\/{rel}","templated":true}]}}

<p>Welcome,</p>



<blockquote class="wp-block-quote is-layout-flow wp-block-quote-is-layout-flow">
<p>PRIVATE Agnieszka and Janusz are married.</p>



<p></p>
</blockquote>



<p>Cześć! Jestem Agnieszka, </p>



<p>Running a travel agency is not only a job for me, but also a dream come true. I specialize in extraordinary trips to picturesque France, where I provide unforgettable experiences for all travel lovers.</p>



<p>When I'm not organizing expeditions, you can find me on the slopes in the Alps or the Giant Mountains, where I go skiing. I also love contact with nature so I often go on trips to the mountains or to the forest where I admire nature and observe animals. By the way, my home is bustling with life - I have a dog and a cat, which make every day full of joy.</p>



<p>In addition, I love working in the garden, where I passionately care for plants and flowers. I also do not shy away from challenges in the kitchen - cooking is my passion! I can prepare a delicious meal for up to 50 people. It's a real art, which gives me great pleasure.</p>



<p>Potrafię też szyć np. sukienkę lub tapicerkę do starych foteli, którym wcześniej przywracam dawny blask i nowe życie.  Maluje ściany i podłogi w domu, nieraz często szukając tego czegoś. Za kółkiem czuje się świetnie i to zasługa mojego zmotoryzowanego Taty . Kiedyś marzyłam o udziale w rajdzie Paryż-Dakar jako kierowca , jednak z pilotowaniem już nie miałabym tyle związanej frajdy ( Janusz mi to nie raz przypomina 🙂</p>



<p>Campering in an adopted Vito is my latest discovery. Sleeping in the mountains when it's minus 10 degrees outside inspires respect even from the mountaineers (it's quietly plus 25 degrees inside).</p>



<p>Traveling is not only my job, but also a way of life. Kenya delighted me with its wilderness, and in the Caribbean I could live because there the beauty of nature mixes with the culture and color of local traditions and it is warm all year round.</p>



<p>I also have two wonderful sons whom I adore beyond life. Their smiles and joy make every day full of energy and positive emotions. And as for my husband... well, with him I have numerous disputes, but they always end with a happy ending. After all, love is not only agreement, but also the art of compromise!</p>



<p>I invite you to discover France and the world ! Embark on an unforgettable journey and I guarantee you will want to come back time and time again !</p>



<blockquote class="wp-block-quote is-layout-flow wp-block-quote-is-layout-flow">
<p>Agnieszka</p>
</blockquote>

<p>Witajcie, PRYWATNIE Agnieszka i Janusz są małżeństwem. Cześć! Jestem Agnieszka, prowadzenie biura podróży to dla mnie nie tylko praca ale i spełnienie marzeń. Specjalizuje się w niezwykłych wyjazdach do malowniczej Francji, gdzie zapewniam niezapomniane doznania dla wszystkich miłośników podróży. Kiedy nie zajmuję się organizacją wypraw, można mnie znaleźć na stoku w Alpach lub Karkonoszach, gdzie [&hellip;]</p>

Witajcie, PRYWATNIE Agnieszka i Janusz są małżeństwem. Cześć! Jestem Agnieszka, prowadzenie biura podróży to dla mnie nie tylko praca ale i spełnienie marzeń. Specjalizuje się w niezwykłych wyjazdach do malowniczej Francji, gdzie zapewniam niezapomniane doznania dla wszystkich miłośników podróży. Kiedy nie zajmuję się organizacją wypraw, można mnie znaleźć na stoku w Alpach lub Karkonoszach, gdzie&hellip;
